-19*i**2 + 199*i + 403. What is z(-2)?
-71
Let n(r) = -7*r**2 + 72*r + 143. Give n(12).
-1
Let f(l) = -3*l**3 + 1157*l**2 + 2716*l - 2. Give f(388).
-2
Let c(j) = 376*j - 25948. What is c(69)?
-4
Let x(s) = -s**2 - 194*s - 4009. Give x(-23).
-76
Let u(i) = -924*i - 13856. What is u(-15)?
4
Let c(o) = -11*o**2 + 6*o - 16. Determine c(6).
-376
Let d(j) = 3*j**2 + 270*j + 3539. What is d(-16)?
-13
Let o(d) = 17*d**2 - 12*d + 11. Calculate o(1).
16
Let m(j) = -16*j + 245. What is m(14)?
21
Let b(d) = -2*d**3 + 6*d**2 + 8*d - 46. Calculate b(3).
-22
Let b(o) = o**2 + 11*o - 1. Give b(7).
125
Let y(m) = -31*m + 593. Give y(19).
4
Let a(h) = h**3 - 11*h**2 + 18*h - 94. Give a(10).
-14
Let u(z) = -z**2 - 12*z + 239. Determine u(-21).
50
Let k(s) = -68*s - 2. Determine k(-2).
134
Let s(g) = 38*g - 6812. What is s(179)?
-10
Let j(k) = -32*k**2 + 64*k + 248. Determine j(-2).
-8
Let u(q) = q**3 + 3*q**2 - 7*q - 13. Give u(-3).
8
Let v(x) = -4*x**2 - 1368*x - 17109. What is v(-329)?
-1
Let m(f) = 21*f + 456. What is m(-25)?
-69
Let m(f) = -f**3 - 11*f**2 + 22*f + 42. Calculate m(-4).
-158
Let x(i) = 2*i**3 - 4*i**2 + 67*i - 188. Calculate x(3).
31
Let s(c) = c**2 + 14*c - 306. Give s(-26).
6
Let y(v) = 3*v**3 - 17*v**2 + 47*v - 313. What is y(6)?
5
Let j(i) = 1576*i - 263190. Determine j(167).
2
Let u(a) = 1278*a - 14089. What is u(11)?
-31
Let r(a) = -a**3 + 12*a**2 - 102*a + 483. What is r(7)?
14
Let p(j) = j**2 + 18*j + 36. What is p(-17)?
19
Let x(p) = p**2 - 20*p + 53. Determine x(8).
-43
Let a(u) = -1458*u - 29138. Calculate a(-20).
22
Let o(k) = -256*k**2 - 1018*k + 5. Determine o(-4).
-19
Let f(y) = -y**3 + 7*y**2 + 30*y - 38. Determine f(10).
-38
Let w(p) = 10*p + 414. Give w(-20).
214
Let u(g) = g**3 + 32*g**2 - 2*g - 27. Calculate u(-32).
37
Let y(g) = 167*g + 360. What is y(-4)?
-308
Let d(k) = 13*k**3 + 975*k**2 - 26. Give d(-75).
-26
Let v(o) = o**3 + 4*o - 4. Determine v(0).
-4
Let a(i) = -i**3 - 82*i**2 - 779*i - 8. What is a(-71)?
-150
Let k(o) = 109*o + 72. What is k(-4)?
-364
Let g(z) = 2545*z + 15269. Calculate g(-6).
-1
Let p(a) = a**2 - 151*a - 11354. Calculate p(206).
-24
Let f(y) = -25*y**2 + 152*y + 11. Determine f(6).
23
Let y(i) = 13*i**2 - 35*i + 246. Give y(7).
638
Let q(c) = 2*c**3 - 78*c**2 - 87*c + 289. Determine q(40).
9
Let m(v) = -2*v**3 - 49*v**2 - 114*v + 15. What is m(-22)?
103
Let b(g) = -666*g + 10659. Calculate b(16).
3
Let b(s) = -2*s**3 - 37*s**2 - 148*s + 22. Determine b(-6).
10
Let b(x) = -x**2 - 191*x - 1804. Calculate b(-181).
6
Let k(i) = 35*i + 62. What is k(-2)?
-8
Let j(s) = 80*s + 5602. Determine j(-70).
2
Let a(h) = 2*h**2 + 93*h + 812. What is a(-12)?
-16
Let k(d) = 3*d**2 - 19*d - 13. Give k(-8).
331
Let u(i) = -7*i + 174. Calculate u(-41).
461
Let k(o) = -5*o**2 - 37*o - 66. What is k(-5)?
-6
Let l(v) = 2*v**2 + 4*v + 10. Calculate l(7).
136
Let c(g) = -443*g + 8866. Give c(20).
6
Let l(q) = -326*q - 1706. Determine l(-5).
-76
Let y(k) = 2*k**3 + 2*k**2 - 7*k - 10. Determine y(-1).
-3
Let i(q) = 2*q**2 + 48*q + 101. Calculate i(-27).
263
Let n(y) = -14*y**2 + 261*y - 521. Determine n(2).
-55
Let p(u) = u**2 + 4*u - 589. Calculate p(-26).
-17
Let a(o) = 11*o**2 + o + 3. What is a(4)?
183
Let s(f) = f**3 - 6*f**2 - 26*f - 15. What is s(8)?
-95
Let a(h) = -16*h**3 + 608*h**2 - h + 22. Determine a(38).
-16
Let w(q) = q**3 - 2*q**2 - 175*q - 752. Calculate w(-6).
10
Let t(l) = 3*l**2 - 202*l - 1210. What is t(-6)?
110
Let z(j) = 717*j - 6456. Determine z(9).
-3
Let a(x) = -25*x + 92. Determine a(0).
92
Let f(p) = p**2 + 6*p - 83. What is f(5)?
-28
Let w(h) = 4*h**3 + 5*h**2 - 13*h - 5. Calculate w(-5).
-315
Let o(m) = 109*m + 457. Determine o(-5).
-88
Let c(u) = 234*u + 4317. Give c(-18).
105
Let f(n) = 6*n**2 + 8*n + 46. What is f(-10)?
566
Let o(m) = -27*m**2 - 4669*m + 375. Give o(-173).
29
Let b(x) = 4*x**2 + 80*x + 26. Determine b(-20).
26
Let r(w) = 117*w - 16384. Give r(140).
-4
Let z(c) = 2*c**2 + 133*c - 999. Determine z(7).
30
Let z(d) = -d**3 - 74*d**2 + 240*d + 10. Calculate z(3).
37
Let h(d) = d**2 + 83*d + 1755. Calculate h(-36).
63
Let a(w) = 2278*w - 13676. What is a(6)?
-8
Let j(c) = c**2 - 186*c + 1000. Give j(180).
-80
Let j(i) = -i**2 + 57*i - 480. Calculate j(45).
60
Let a(p) = p**2 + 1181*p - 83610. Calculate a(67).
6
Let t(d) = 11*d**2 + 468*d + 58. Determine t(-43).
273
Let n(h) = -56*h + 625. Calculate n(12).
-47
Let q(r) = -2*r**3 - 10*r**2 - 2*r + 15. Give q(-7).
225
Let c(s) = 5289*s - 63464. Determine c(12).
4
Let r(x) = 4*x**2 + 565*x + 11975. Give r(-26).
-11
Let m(o) = -52*o**2 + 7*o - 3. What is m(1)?
-48
Let q(c) = -2*c**2 + 26*c + 273. Calculate q(21).
-63
Let k(m) = -m**2 + 203*m - 7850. What is k(52)?
2
Let g(q) = -q**2 - 49*q - 313. Give g(-41).
15
Let d(h) = 33*h + 185. Determine d(-3).
86
Let z(q) = 2*q**3 + 27*q**2 - 128*q - 8. Give z(-17).
145
Let y(u) = -u**3 - 20*u**2 + 386*u + 7592. Determine y(-18).
-4
Let z(t) = -2*t**2 - 27*t - 34. Determine z(-11).
21
Let t(h) = -h**2 - 24*h + 34. What is t(-25)?
9
Let m(r) = 16*r**2 - 2*r - 15. What is m(-6)?
573
Let t(d) = -2*d**3 + 14*d**2 + 8*d - 22. What is t(8)?
-86
Let n(f) = -f**3 + 18*f**2 + 61*f - 176. Calculate n(21).
-218
Let w(l) = l**2 + 59*l + 1003. Give w(-31).
135
Let g(h) = 6*h**2 - 172*h - 226. Determine g(30).
14
Let c(j) = -22*j**2 + 2130*j + 2130. What is c(-1)?
-22
Let t(f) = -5*f**3 + f**2 + 51*f + 51. What is t(-1)?
6
Let f(m) = 2*m**2 - 43*m + 48. What is f(20)?
-12
Let g(n) = 2*n**2 + 13*n + 19. Give g(5).
134
Let i(l) = 6*l + 274. Give i(-46).
-2
Let i(q) = -32*q**2 - 13*q - 2. What is i(1)?
-47
Let h(s) = -257*s + 3333. What is h(13)?
-8
Let g(d) = 5*d - 98. Give g(68).
242
Let b(l) = -2*l**3 - 25*l**2 - 2*l - 199. Determine b(-13).
-4
Let l(q) = 2*q**3 + 30*q**2 - 34*q - 37. Give l(-16).
-5
Let z(n) = n**2 + 686*n - 25997. Give z(36).
-5
Let o(q) = 4*q**2 + 187*q + 321. Give o(-43).
-324
Let g(a) = 36*a + 37. Determine g(-2).
-35
Let h(r) = -52*r**2 + 1819*r + 48. Calculate h(35).
13
Let b(d) = d**2 - 68*d - 93. Give b(-11).
776
Let z(d) = 194*d**2 - 4. What is z(-1)?
190
Let f(d) = d**3 + 14*d**2 + 5*d + 36. Calculate f(-15).
-264
Let v(g) = g**3 - 33*g**2 + 252*g - 4. Calculate v(21).
-4
Let j(k) = 5*k**3 - 7*k**2 - 7*k + 2. Give j(-2).
-52
Let m(d) = -1477*d - 87151. Calculate m(-59).
-8
Let o(t) = -t**3 + 39*t**2 - 227*t + 32. What is o(7)?
11
Let i(b) = 253*b + 252. What is i(-1)?
-1
Let v(u) = -245*u + 469. Give v(2).
-21
Let r(n) = 16*n - 111. Calculate r(-18).
-399
Let l(b) = b**3 - 2*b**2 - 167*b - 420. Calculate l(15).
0
Let w(s) = -7*s**2 + 654*s - 8229. Give w(15).
6
Let v(j) = 6*j**2 + 14*j - 4. Calculate v(-2).
-8
Let z(p) = p**2 + 12*p - 36. Calculate z(3).
9
Let z(t) = -t**3 + 10*t**2 + 7*t - 106. Give z(8).
78
Let b(s) = 23*s**3 - 2*s**2 - 15*s - 6. What is b(-2)?
-168
Let m(b) = -b**3 + 25*b**2 - 18*b - 44. Give m(24).
100
Let i(b) = 3*b**2 - 4*b + 6. Give i(2).
10
Let g(o) = -51*o + 12. Calculate g(-5).
267
Let f(d) = d**2 - 174*d - 7551. Determine f(210).
9
Let p(x) = x**3 + 35*x**2 + 25*x - 177. Calculate p(-34).
129
Let g(k) = k**3 - 18*k**2 + 18*k + 159. Give g(16).
-65
Let c(p) = -60*p - 139. Give c(-4).
101
Let j(b) = 25*b - 891. Give j(36).
9
Let m(u) = -224*u + 666. What is m(3)?
-6
Let j(p) = 15187*p + 60747. Determine j(-4).
-1
Let f(d) = 4*d**3 + 173*d**2 + 1159*d + 96. Calculate f(-35).
-44
Let k(d) = -10*d - 143. Determine k(-14).
-3
Let i(q) = q**3 + 26*q**2 + 13*q - 20. Determine i(-25).
280
Let v(a) = -a**3 + 18*a**2 - 31*a + 19. Calculate v(17).
-219
Let n(i) = 2*i - 65. What is n(-3)?
-71
Let t(p) = 2982*p + 152088. Determine t(-51).
6
Let w(c) = 22*c - 339. Give w(19).
79
Let g(v) = -v**3 + 8*v**2 + 25*v - 177. Give g(5).
23
Let p(j) = -86*j - 1298. Determine p(-15).
-8
Let q(p) = 49*p - 51. Give q(1).
-2
Let q(j) = -13*j + 738. Calculate q(56).
10
Let u(v) = v**2 + 17*v - 200. What is u(8)?
0
Let t(j) = -1454*j - 13084. Give t(-9).
2
Let j(p) = -756*p - 9070. Give j(-12).
2
Let d(k) = 86*k - 4617. Calculate d(54).
27
Let h(d) = -34*d - 24. Calculate h(-4).
112
Let w(c) = c**3 - 16*c**2 + 32*c + 28. Give w(10).
-252
Let r(o) = -o**2 - 41*o + 124. Calculate r(-49).
-268
Let l(c) = -170*c + 4084. What is l(24)?
4
Let m(n) = n**3 - 11*n**2 - 3*n + 168. Giv